{"id":142,"date":"2024-10-31T10:48:49","date_gmt":"2024-10-31T10:48:49","guid":{"rendered":"https:\/\/www.mil-madeinlecoq.com\/?page_id=142"},"modified":"2025-03-10T14:46:52","modified_gmt":"2025-03-10T14:46:52","slug":"sa-demarche-pour-notre-planete","status":"publish","type":"page","link":"https:\/\/www.mil-madeinlecoq.com\/index.php\/sa-demarche-pour-notre-planete\/","title":{"rendered":"Sa d\u00e9marche pour notre plan\u00e8te"},"content":{"rendered":"\t\t<div data-elementor-type=\"wp-page\" data-elementor-id=\"142\" class=\"elementor elementor-142\">\n\t\t\t\t<div class=\"elementor-element elementor-element-94d0613 e-flex e-con-boxed wpr-particle-no wpr-jarallax-no wpr-parallax-no wpr-sticky-section-no wpr-equal-height-no e-con e-parent\" data-id=\"94d0613\" data-element_type=\"container\" data-e-type=\"container\">\n\t\t\t\t\t<div class=\"e-con-inner\">\n\t\t<div class=\"elementor-element elementor-element-a00584c e-con-full e-flex wpr-particle-no wpr-jarallax-no wpr-parallax-no wpr-sticky-section-no wpr-equal-height-no e-con e-child\" data-id=\"a00584c\" data-element_type=\"container\" data-e-type=\"container\">\n\t\t\t\t<div class=\"elementor-element elementor-element-7b87a2d elementor-widget elementor-widget-image\" data-id=\"7b87a2d\" data-element_type=\"widget\" data-e-type=\"widget\" data-widget_type=\"image.default\">\n\t\t\t\t<div class=\"elementor-widget-container\">\n\t\t\t\t\t\t\t\t\t\t\t\t\t\t\t<img fetchpriority=\"high\" decoding=\"async\" width=\"539\" height=\"1024\" src=\"https:\/\/www.mil-madeinlecoq.com\/wp-content\/uploads\/2025\/02\/IMG_1060-scaled-e1741597529717-539x1024.webp\" class=\"attachment-large size-large wp-image-542\" alt=\"\" srcset=\"https:\/\/www.mil-madeinlecoq.com\/wp-content\/uploads\/2025\/02\/IMG_1060-scaled-e1741597529717-539x1024.webp 539w, https:\/\/www.mil-madeinlecoq.com\/wp-content\/uploads\/2025\/02\/IMG_1060-scaled-e1741597529717-158x300.webp 158w, https:\/\/www.mil-madeinlecoq.com\/wp-content\/uploads\/2025\/02\/IMG_1060-scaled-e1741597529717-768x1460.webp 768w, https:\/\/www.mil-madeinlecoq.com\/wp-content\/uploads\/2025\/02\/IMG_1060-scaled-e1741597529717-808x1536.webp 808w, https:\/\/www.mil-madeinlecoq.com\/wp-content\/uploads\/2025\/02\/IMG_1060-scaled-e1741597529717.webp 1010w\" sizes=\"(max-width: 539px) 100vw, 539px\" \/>\t\t\t\t\t\t\t\t\t\t\t\t\t\t\t<\/div>\n\t\t\t\t<\/div>\n\t\t\t\t<\/div>\n\t\t<div class=\"elementor-element elementor-element-e1c79f7 e-con-full e-flex wpr-particle-no wpr-jarallax-no wpr-parallax-no wpr-sticky-section-no wpr-equal-height-no e-con e-child\" data-id=\"e1c79f7\" data-element_type=\"container\" data-e-type=\"container\">\n\t\t\t\t<div class=\"elementor-element elementor-element-9f768a1 elementor-widget elementor-widget-heading\" data-id=\"9f768a1\" data-element_type=\"widget\" data-e-type=\"widget\" data-widget_type=\"heading.default\">\n\t\t\t\t<div class=\"elementor-widget-container\">\n\t\t\t\t\t<h2 class=\"elementor-heading-title elementor-size-default\">- MiL -<br>Sa d\u00e9marche pour notre plan\u00e8te<\/h2>\t\t\t\t<\/div>\n\t\t\t\t<\/div>\n\t\t\t\t<div class=\"elementor-element elementor-element-e7bc5b7 elementor-widget elementor-widget-text-editor\" data-id=\"e7bc5b7\" data-element_type=\"widget\" data-e-type=\"widget\" data-widget_type=\"text-editor.default\">\n\t\t\t\t<div class=\"elementor-widget-container\">\n\t\t\t\t\t\t\t\t\t<p>Pour ses cuirs. MiL se fournit principalement chez des revendeurs sp\u00e9cialis\u00e9s qui proposent des cuirs de qualit\u00e9s provenant de surplus d&rsquo;usine, de fins de s\u00e9rie, de chutes ou d&rsquo;\u00e9chantillons&#8230; MiL s\u00e9lectionne ses cuirs selon leur qualit\u00e9, leur texture, leur souplesse. leur grainage, leur couleur&#8230; en fonction des articles \u00e0 r\u00e9aliser.<\/p><p>Les peaux trouv\u00e9es peuvent \u00eatre de petite ou grande taille ce qui permet \u00e0 MiL de proposer des articles r\u00e9alis\u00e9s en petite s\u00e9rie d\u00e9pendante de sa mani\u00e8re premi\u00e8re. Ce mode d\u2019approvisionnement est aussi une mani\u00e8re de consommer de fa\u00e7on plus raisonnable.<\/p><p>Dans le m\u00eame objectif et afin de ne pas cr\u00e9er de nouveaux d\u00e9chets et de permettre de proposer un produit fini \u00e0 juste prix. MiL a fait le choix d&rsquo;utiliser pour la fabrication de ces housses de protection qui envelopperont vos articles lors de la livraison, des tissus qui ont d\u00e9j\u00e0 eu une premi\u00e8re vie. Ils ont \u00e9t\u00e9 lav\u00e9s mais peuvent comporter des traces, \u00eatre un peu pass\u00e9s par endroits. Ces petites imperfections d&rsquo;usage n&rsquo;alt\u00e9reront en rien leur r\u00f4le de protection et nous permettront de faire un petit geste vert pour notre belle plan\u00e8te.<\/p><p>Et pour aller un peu plus loin dans sa d\u00e9marche, vous aurez peut \u00eatre l&rsquo;occasion de constater lors de la r\u00e9ception de l&rsquo;une de vos commandes, que MiL r\u00e9utilise \u00e9galement quand c\u2019est possible ses cartons de livraison.<\/p>\t\t\t\t\t\t\t\t<\/div>\n\t\t\t\t<\/div>\n\t\t\t\t<\/div>\n\t\t\t\t\t<\/div>\n\t\t\t\t<\/div>\n\t\t\t\t<\/div>\n\t\t","protected":false},"excerpt":{"rendered":"<p>&#8211; MiL &#8211;Sa d\u00e9marche pour notre plan\u00e8te Pour ses cuirs. MiL se fournit principalement chez des revendeurs sp\u00e9cialis\u00e9s qui proposent des cuirs de qualit\u00e9s provenant de surplus d&rsquo;usine, de fins de s\u00e9rie, de chutes ou d&rsquo;\u00e9chantillons&#8230; MiL s\u00e9lectionne ses cuirs selon leur qualit\u00e9, leur texture, leur souplesse. leur grainage, leur couleur&#8230; en fonction des articles \u00e0 r\u00e9aliser. Les peaux trouv\u00e9es peuvent \u00eatre de petite ou grande taille ce qui permet \u00e0 MiL de proposer des articles r\u00e9alis\u00e9s en petite s\u00e9rie d\u00e9pendante de sa mani\u00e8re premi\u00e8re. Ce mode d\u2019approvisionnement est aussi une mani\u00e8re de consommer de fa\u00e7on plus raisonnable. Dans le m\u00eame objectif et afin de ne pas cr\u00e9er de nouveaux d\u00e9chets et de permettre de proposer un produit fini \u00e0 juste prix. MiL a fait le choix d&rsquo;utiliser pour la fabrication de ces housses de protection qui envelopperont vos articles lors de la livraison, des tissus qui ont d\u00e9j\u00e0 eu une premi\u00e8re vie. Ils ont \u00e9t\u00e9 lav\u00e9s mais peuvent comporter des traces, \u00eatre un peu pass\u00e9s par endroits. Ces petites imperfections d&rsquo;usage n&rsquo;alt\u00e9reront en rien leur r\u00f4le de protection et nous permettront de faire un petit geste vert pour notre belle plan\u00e8te. Et pour aller un peu plus loin dans sa d\u00e9marche, vous aurez peut \u00eatre l&rsquo;occasion de constater lors de la r\u00e9ception de l&rsquo;une de vos commandes, que MiL r\u00e9utilise \u00e9galement quand c\u2019est possible ses cartons de livraison.<\/p>\n","protected":false},"author":1,"featured_media":0,"parent":0,"menu_order":0,"comment_status":"closed","ping_status":"closed","template":"","meta":{"_monsterinsights_skip_tracking":false,"_monsterinsights_sitenote_active":false,"_monsterinsights_sitenote_note":"","_monsterinsights_sitenote_category":0,"site-sidebar-layout":"no-sidebar","site-content-layout":"","ast-site-content-layout":"full-width-container","site-content-style":"default","site-sidebar-style":"default","ast-global-header-display":"","ast-banner-title-visibility":"","ast-main-header-display":"","ast-hfb-above-header-display":"","ast-hfb-below-header-display":"","ast-hfb-mobile-header-display":"","site-post-title":"disabled","ast-breadcrumbs-content":"","ast-featured-img":"disabled","footer-sml-layout":"","ast-disable-related-posts":"","theme-transparent-header-meta":"","adv-header-id-meta":"","stick-header-meta":"","header-above-stick-meta":"","header-main-stick-meta":"","header-below-stick-meta":"","astra-migrate-meta-layouts":"default","ast-page-background-enabled":"default","ast-page-background-meta":{"desktop":{"background-color":"var(--ast-global-color-4)","background-image":"","background-repeat":"repeat","background-position":"center center","background-size":"auto","background-attachment":"scroll","background-type":"","background-media":"","overlay-type":"","overlay-color":"","overlay-opacity":"","overlay-gradient":""},"tablet":{"background-color":"","background-image":"","background-repeat":"repeat","background-position":"center center","background-size":"auto","background-attachment":"scroll","background-type":"","background-media":"","overlay-type":"","overlay-color":"","overlay-opacity":"","overlay-gradient":""},"mobile":{"background-color":"","background-image":"","background-repeat":"repeat","background-position":"center center","background-size":"auto","background-attachment":"scroll","background-type":"","background-media":"","overlay-type":"","overlay-color":"","overlay-opacity":"","overlay-gradient":""}},"ast-content-background-meta":{"desktop":{"background-color":"var(--ast-global-color-5)","background-image":"","background-repeat":"repeat","background-position":"center center","background-size":"auto","background-attachment":"scroll","background-type":"","background-media":"","overlay-type":"","overlay-color":"","overlay-opacity":"","overlay-gradient":""},"tablet":{"background-color":"var(--ast-global-color-5)","background-image":"","background-repeat":"repeat","background-position":"center center","background-size":"auto","background-attachment":"scroll","background-type":"","background-media":"","overlay-type":"","overlay-color":"","overlay-opacity":"","overlay-gradient":""},"mobile":{"background-color":"var(--ast-global-color-5)","background-image":"","background-repeat":"repeat","background-position":"center center","background-size":"auto","background-attachment":"scroll","background-type":"","background-media":"","overlay-type":"","overlay-color":"","overlay-opacity":"","overlay-gradient":""}},"footnotes":""},"class_list":["post-142","page","type-page","status-publish","hentry"],"yoast_head":"<!-- This site is optimized with the Yoast SEO plugin v27.4 - https:\/\/yoast.com\/product\/yoast-seo-wordpress\/ -->\n<title>Sa d\u00e9marche pour notre plan\u00e8te - MiL Maroquinerie<\/title>\n<meta name=\"robots\" content=\"index, follow, max-snippet:-1, max-image-preview:large, max-video-preview:-1\" \/>\n<link rel=\"canonical\" href=\"https:\/\/www.mil-madeinlecoq.com\/index.php\/sa-demarche-pour-notre-planete\/\" \/>\n<meta property=\"og:locale\" content=\"fr_FR\" \/>\n<meta property=\"og:type\" content=\"article\" \/>\n<meta property=\"og:title\" content=\"Sa d\u00e9marche pour notre plan\u00e8te - MiL Maroquinerie\" \/>\n<meta property=\"og:description\" content=\"&#8211; MiL &#8211;Sa d\u00e9marche pour notre plan\u00e8te Pour ses cuirs. MiL se fournit principalement chez des revendeurs sp\u00e9cialis\u00e9s qui proposent des cuirs de qualit\u00e9s provenant de surplus d&rsquo;usine, de fins de s\u00e9rie, de chutes ou d&rsquo;\u00e9chantillons&#8230; MiL s\u00e9lectionne ses cuirs selon leur qualit\u00e9, leur texture, leur souplesse. leur grainage, leur couleur&#8230; en fonction des articles \u00e0 r\u00e9aliser. Les peaux trouv\u00e9es peuvent \u00eatre de petite ou grande taille ce qui permet \u00e0 MiL de proposer des articles r\u00e9alis\u00e9s en petite s\u00e9rie d\u00e9pendante de sa mani\u00e8re premi\u00e8re. Ce mode d\u2019approvisionnement est aussi une mani\u00e8re de consommer de fa\u00e7on plus raisonnable. Dans le m\u00eame objectif et afin de ne pas cr\u00e9er de nouveaux d\u00e9chets et de permettre de proposer un produit fini \u00e0 juste prix. MiL a fait le choix d&rsquo;utiliser pour la fabrication de ces housses de protection qui envelopperont vos articles lors de la livraison, des tissus qui ont d\u00e9j\u00e0 eu une premi\u00e8re vie. Ils ont \u00e9t\u00e9 lav\u00e9s mais peuvent comporter des traces, \u00eatre un peu pass\u00e9s par endroits. Ces petites imperfections d&rsquo;usage n&rsquo;alt\u00e9reront en rien leur r\u00f4le de protection et nous permettront de faire un petit geste vert pour notre belle plan\u00e8te. Et pour aller un peu plus loin dans sa d\u00e9marche, vous aurez peut \u00eatre l&rsquo;occasion de constater lors de la r\u00e9ception de l&rsquo;une de vos commandes, que MiL r\u00e9utilise \u00e9galement quand c\u2019est possible ses cartons de livraison.\" \/>\n<meta property=\"og:url\" content=\"https:\/\/www.mil-madeinlecoq.com\/index.php\/sa-demarche-pour-notre-planete\/\" \/>\n<meta property=\"og:site_name\" content=\"MiL Maroquinerie\" \/>\n<meta property=\"article:modified_time\" content=\"2025-03-10T14:46:52+00:00\" \/>\n<meta property=\"og:image\" content=\"https:\/\/www.mil-madeinlecoq.com\/wp-content\/uploads\/2025\/02\/IMG_1060-scaled-e1741597529717.webp\" \/>\n\t<meta property=\"og:image:width\" content=\"1010\" \/>\n\t<meta property=\"og:image:height\" content=\"1920\" \/>\n\t<meta property=\"og:image:type\" content=\"image\/webp\" \/>\n<meta name=\"twitter:card\" content=\"summary_large_image\" \/>\n<meta name=\"twitter:label1\" content=\"Dur\u00e9e de lecture estim\u00e9e\" \/>\n\t<meta name=\"twitter:data1\" content=\"2 minutes\" \/>\n<script type=\"application\/ld+json\" class=\"yoast-schema-graph\">{\"@context\":\"https:\\\/\\\/schema.org\",\"@graph\":[{\"@type\":\"WebPage\",\"@id\":\"https:\\\/\\\/www.mil-madeinlecoq.com\\\/index.php\\\/sa-demarche-pour-notre-planete\\\/\",\"url\":\"https:\\\/\\\/www.mil-madeinlecoq.com\\\/index.php\\\/sa-demarche-pour-notre-planete\\\/\",\"name\":\"Sa d\u00e9marche pour notre plan\u00e8te - MiL Maroquinerie\",\"isPartOf\":{\"@id\":\"https:\\\/\\\/www.mil-madeinlecoq.com\\\/#website\"},\"primaryImageOfPage\":{\"@id\":\"https:\\\/\\\/www.mil-madeinlecoq.com\\\/index.php\\\/sa-demarche-pour-notre-planete\\\/#primaryimage\"},\"image\":{\"@id\":\"https:\\\/\\\/www.mil-madeinlecoq.com\\\/index.php\\\/sa-demarche-pour-notre-planete\\\/#primaryimage\"},\"thumbnailUrl\":\"https:\\\/\\\/www.mil-madeinlecoq.com\\\/wp-content\\\/uploads\\\/2025\\\/02\\\/IMG_1060-scaled-e1741597529717-539x1024.webp\",\"datePublished\":\"2024-10-31T10:48:49+00:00\",\"dateModified\":\"2025-03-10T14:46:52+00:00\",\"breadcrumb\":{\"@id\":\"https:\\\/\\\/www.mil-madeinlecoq.com\\\/index.php\\\/sa-demarche-pour-notre-planete\\\/#breadcrumb\"},\"inLanguage\":\"fr-FR\",\"potentialAction\":[{\"@type\":\"ReadAction\",\"target\":[\"https:\\\/\\\/www.mil-madeinlecoq.com\\\/index.php\\\/sa-demarche-pour-notre-planete\\\/\"]}]},{\"@type\":\"ImageObject\",\"inLanguage\":\"fr-FR\",\"@id\":\"https:\\\/\\\/www.mil-madeinlecoq.com\\\/index.php\\\/sa-demarche-pour-notre-planete\\\/#primaryimage\",\"url\":\"https:\\\/\\\/www.mil-madeinlecoq.com\\\/wp-content\\\/uploads\\\/2025\\\/02\\\/IMG_1060-scaled-e1741597529717.webp\",\"contentUrl\":\"https:\\\/\\\/www.mil-madeinlecoq.com\\\/wp-content\\\/uploads\\\/2025\\\/02\\\/IMG_1060-scaled-e1741597529717.webp\",\"width\":1010,\"height\":1920},{\"@type\":\"BreadcrumbList\",\"@id\":\"https:\\\/\\\/www.mil-madeinlecoq.com\\\/index.php\\\/sa-demarche-pour-notre-planete\\\/#breadcrumb\",\"itemListElement\":[{\"@type\":\"ListItem\",\"position\":1,\"name\":\"Accueil\",\"item\":\"https:\\\/\\\/www.mil-madeinlecoq.com\\\/\"},{\"@type\":\"ListItem\",\"position\":2,\"name\":\"Sa d\u00e9marche pour notre plan\u00e8te\"}]},{\"@type\":\"WebSite\",\"@id\":\"https:\\\/\\\/www.mil-madeinlecoq.com\\\/#website\",\"url\":\"https:\\\/\\\/www.mil-madeinlecoq.com\\\/\",\"name\":\"MiL Maroquinerie\",\"description\":\"Maroquinerie artisanale \u00e9co-responsable Ancenis\",\"publisher\":{\"@id\":\"https:\\\/\\\/www.mil-madeinlecoq.com\\\/#organization\"},\"potentialAction\":[{\"@type\":\"SearchAction\",\"target\":{\"@type\":\"EntryPoint\",\"urlTemplate\":\"https:\\\/\\\/www.mil-madeinlecoq.com\\\/?s={search_term_string}\"},\"query-input\":{\"@type\":\"PropertyValueSpecification\",\"valueRequired\":true,\"valueName\":\"search_term_string\"}}],\"inLanguage\":\"fr-FR\"},{\"@type\":\"Organization\",\"@id\":\"https:\\\/\\\/www.mil-madeinlecoq.com\\\/#organization\",\"name\":\"MiL Maroquinerie\",\"url\":\"https:\\\/\\\/www.mil-madeinlecoq.com\\\/\",\"logo\":{\"@type\":\"ImageObject\",\"inLanguage\":\"fr-FR\",\"@id\":\"https:\\\/\\\/www.mil-madeinlecoq.com\\\/#\\\/schema\\\/logo\\\/image\\\/\",\"url\":\"https:\\\/\\\/www.mil-madeinlecoq.com\\\/wp-content\\\/uploads\\\/2024\\\/10\\\/logo.png\",\"contentUrl\":\"https:\\\/\\\/www.mil-madeinlecoq.com\\\/wp-content\\\/uploads\\\/2024\\\/10\\\/logo.png\",\"width\":156,\"height\":40,\"caption\":\"MiL Maroquinerie\"},\"image\":{\"@id\":\"https:\\\/\\\/www.mil-madeinlecoq.com\\\/#\\\/schema\\\/logo\\\/image\\\/\"}}]}<\/script>\n<!-- \/ Yoast SEO plugin. -->","yoast_head_json":{"title":"Sa d\u00e9marche pour notre plan\u00e8te - MiL Maroquinerie","robots":{"index":"index","follow":"follow","max-snippet":"max-snippet:-1","max-image-preview":"max-image-preview:large","max-video-preview":"max-video-preview:-1"},"canonical":"https:\/\/www.mil-madeinlecoq.com\/index.php\/sa-demarche-pour-notre-planete\/","og_locale":"fr_FR","og_type":"article","og_title":"Sa d\u00e9marche pour notre plan\u00e8te - MiL Maroquinerie","og_description":"&#8211; MiL &#8211;Sa d\u00e9marche pour notre plan\u00e8te Pour ses cuirs. MiL se fournit principalement chez des revendeurs sp\u00e9cialis\u00e9s qui proposent des cuirs de qualit\u00e9s provenant de surplus d&rsquo;usine, de fins de s\u00e9rie, de chutes ou d&rsquo;\u00e9chantillons&#8230; MiL s\u00e9lectionne ses cuirs selon leur qualit\u00e9, leur texture, leur souplesse. leur grainage, leur couleur&#8230; en fonction des articles \u00e0 r\u00e9aliser. Les peaux trouv\u00e9es peuvent \u00eatre de petite ou grande taille ce qui permet \u00e0 MiL de proposer des articles r\u00e9alis\u00e9s en petite s\u00e9rie d\u00e9pendante de sa mani\u00e8re premi\u00e8re. Ce mode d\u2019approvisionnement est aussi une mani\u00e8re de consommer de fa\u00e7on plus raisonnable. Dans le m\u00eame objectif et afin de ne pas cr\u00e9er de nouveaux d\u00e9chets et de permettre de proposer un produit fini \u00e0 juste prix. MiL a fait le choix d&rsquo;utiliser pour la fabrication de ces housses de protection qui envelopperont vos articles lors de la livraison, des tissus qui ont d\u00e9j\u00e0 eu une premi\u00e8re vie. Ils ont \u00e9t\u00e9 lav\u00e9s mais peuvent comporter des traces, \u00eatre un peu pass\u00e9s par endroits. Ces petites imperfections d&rsquo;usage n&rsquo;alt\u00e9reront en rien leur r\u00f4le de protection et nous permettront de faire un petit geste vert pour notre belle plan\u00e8te. Et pour aller un peu plus loin dans sa d\u00e9marche, vous aurez peut \u00eatre l&rsquo;occasion de constater lors de la r\u00e9ception de l&rsquo;une de vos commandes, que MiL r\u00e9utilise \u00e9galement quand c\u2019est possible ses cartons de livraison.","og_url":"https:\/\/www.mil-madeinlecoq.com\/index.php\/sa-demarche-pour-notre-planete\/","og_site_name":"MiL Maroquinerie","article_modified_time":"2025-03-10T14:46:52+00:00","og_image":[{"width":1010,"height":1920,"url":"https:\/\/www.mil-madeinlecoq.com\/wp-content\/uploads\/2025\/02\/IMG_1060-scaled-e1741597529717.webp","type":"image\/webp"}],"twitter_card":"summary_large_image","twitter_misc":{"Dur\u00e9e de lecture estim\u00e9e":"2 minutes"},"schema":{"@context":"https:\/\/schema.org","@graph":[{"@type":"WebPage","@id":"https:\/\/www.mil-madeinlecoq.com\/index.php\/sa-demarche-pour-notre-planete\/","url":"https:\/\/www.mil-madeinlecoq.com\/index.php\/sa-demarche-pour-notre-planete\/","name":"Sa d\u00e9marche pour notre plan\u00e8te - MiL Maroquinerie","isPartOf":{"@id":"https:\/\/www.mil-madeinlecoq.com\/#website"},"primaryImageOfPage":{"@id":"https:\/\/www.mil-madeinlecoq.com\/index.php\/sa-demarche-pour-notre-planete\/#primaryimage"},"image":{"@id":"https:\/\/www.mil-madeinlecoq.com\/index.php\/sa-demarche-pour-notre-planete\/#primaryimage"},"thumbnailUrl":"https:\/\/www.mil-madeinlecoq.com\/wp-content\/uploads\/2025\/02\/IMG_1060-scaled-e1741597529717-539x1024.webp","datePublished":"2024-10-31T10:48:49+00:00","dateModified":"2025-03-10T14:46:52+00:00","breadcrumb":{"@id":"https:\/\/www.mil-madeinlecoq.com\/index.php\/sa-demarche-pour-notre-planete\/#breadcrumb"},"inLanguage":"fr-FR","potentialAction":[{"@type":"ReadAction","target":["https:\/\/www.mil-madeinlecoq.com\/index.php\/sa-demarche-pour-notre-planete\/"]}]},{"@type":"ImageObject","inLanguage":"fr-FR","@id":"https:\/\/www.mil-madeinlecoq.com\/index.php\/sa-demarche-pour-notre-planete\/#primaryimage","url":"https:\/\/www.mil-madeinlecoq.com\/wp-content\/uploads\/2025\/02\/IMG_1060-scaled-e1741597529717.webp","contentUrl":"https:\/\/www.mil-madeinlecoq.com\/wp-content\/uploads\/2025\/02\/IMG_1060-scaled-e1741597529717.webp","width":1010,"height":1920},{"@type":"BreadcrumbList","@id":"https:\/\/www.mil-madeinlecoq.com\/index.php\/sa-demarche-pour-notre-planete\/#breadcrumb","itemListElement":[{"@type":"ListItem","position":1,"name":"Accueil","item":"https:\/\/www.mil-madeinlecoq.com\/"},{"@type":"ListItem","position":2,"name":"Sa d\u00e9marche pour notre plan\u00e8te"}]},{"@type":"WebSite","@id":"https:\/\/www.mil-madeinlecoq.com\/#website","url":"https:\/\/www.mil-madeinlecoq.com\/","name":"MiL Maroquinerie","description":"Maroquinerie artisanale \u00e9co-responsable Ancenis","publisher":{"@id":"https:\/\/www.mil-madeinlecoq.com\/#organization"},"potentialAction":[{"@type":"SearchAction","target":{"@type":"EntryPoint","urlTemplate":"https:\/\/www.mil-madeinlecoq.com\/?s={search_term_string}"},"query-input":{"@type":"PropertyValueSpecification","valueRequired":true,"valueName":"search_term_string"}}],"inLanguage":"fr-FR"},{"@type":"Organization","@id":"https:\/\/www.mil-madeinlecoq.com\/#organization","name":"MiL Maroquinerie","url":"https:\/\/www.mil-madeinlecoq.com\/","logo":{"@type":"ImageObject","inLanguage":"fr-FR","@id":"https:\/\/www.mil-madeinlecoq.com\/#\/schema\/logo\/image\/","url":"https:\/\/www.mil-madeinlecoq.com\/wp-content\/uploads\/2024\/10\/logo.png","contentUrl":"https:\/\/www.mil-madeinlecoq.com\/wp-content\/uploads\/2024\/10\/logo.png","width":156,"height":40,"caption":"MiL Maroquinerie"},"image":{"@id":"https:\/\/www.mil-madeinlecoq.com\/#\/schema\/logo\/image\/"}}]}},"_links":{"self":[{"href":"https:\/\/www.mil-madeinlecoq.com\/index.php\/wp-json\/wp\/v2\/pages\/142","targetHints":{"allow":["GET"]}}],"collection":[{"href":"https:\/\/www.mil-madeinlecoq.com\/index.php\/wp-json\/wp\/v2\/pages"}],"about":[{"href":"https:\/\/www.mil-madeinlecoq.com\/index.php\/wp-json\/wp\/v2\/types\/page"}],"author":[{"embeddable":true,"href":"https:\/\/www.mil-madeinlecoq.com\/index.php\/wp-json\/wp\/v2\/users\/1"}],"replies":[{"embeddable":true,"href":"https:\/\/www.mil-madeinlecoq.com\/index.php\/wp-json\/wp\/v2\/comments?post=142"}],"version-history":[{"count":40,"href":"https:\/\/www.mil-madeinlecoq.com\/index.php\/wp-json\/wp\/v2\/pages\/142\/revisions"}],"predecessor-version":[{"id":771,"href":"https:\/\/www.mil-madeinlecoq.com\/index.php\/wp-json\/wp\/v2\/pages\/142\/revisions\/771"}],"wp:attachment":[{"href":"https:\/\/www.mil-madeinlecoq.com\/index.php\/wp-json\/wp\/v2\/media?parent=142"}],"curies":[{"name":"wp","href":"https:\/\/api.w.org\/{rel}","templated":true}]}}